g - 221. What is d(12)?
7
Let l(b) = -b**2 + 70*b + 1. What is l(70)?
1
Let n(t) = -t**3 - 13*t**2 - 5*t - 47. Calculate n(-13).
18
Let p(u) = 18*u - 7. Calculate p(1).
11
Let x(w) = -16*w - 22. Give x(2).
-54
Let h(q) = -2*q**2 + 6*q + 2. What is h(8)?
-78
Let k(i) = i**2 - 10*i + 4. Calculate k(9).
-5
Let g(c) = 3*c**2 - 48*c + 5. What is g(16)?
5
Let x(c) = -4*c**2 - 31*c. Give x(-8).
-8
Let y(s) = 2*s**2 - 17*s + 14. Determine y(8).
6
Let f(a) = 11*a - 10. Give f(7).
67
Let n(m) = -7*m + 2. Determine n(5).
-33
Let y(i) = -6*i + 7. Determine y(-3).
25
Let s(r) = -r**2 + 12*r - 38. Give s(9).
-11
Let x(u) = -u**3 + 7*u**2 + 4*u + 14. Give x(7).
42
Let p(t) = -t**3 + 6*t**2 - 9*t + 9. What is p(4)?
5
Let w(d) = -d**2 + 23*d + 2. Determine w(23).
2
Let w(z) = 2*z + 2. Give w(-7).
-12
Let y(z) = -z**3 - 19*z**2 + 20*z - 44. Give y(-20).
-44
Let d(q) = -q**2 - 8*q - 3. Determine d(-3).
12
Let y(n) = -20*n**3 - 2*n**2 - 2*n - 1. What is y(-1)?
19
Let r(w) = -100*w**2 + w. Give r(-1).
-101
Let p(m) = 2*m**2 + 27*m + 44. What is p(-12)?
8
Let x(f) = 70*f + 636. Determine x(-9).
6
Let d(b) = -b - 2. Determine d(-2).
0
Let c(d) = -d**2 - d + 7. What is c(5)?
-23
Let t(q) = -q**2 - 10*q + 48. What is t(-14)?
-8
Let j(m) = m**2 + 22*m - 1. Give j(-22).
-1
Let d(v) = -2*v + 75. Give d(14).
47
Let t(k) = -k**2 + 45*k - 230. Determine t(39).
4
Let a(i) = -i**2 + 7*i + 23. What is a(11)?
-21
Let u(z) = -z**3 + 5*z**2 + 3*z + 8. Determine u(6).
-10
Let d(n) = n**3 - 9*n**2 - 2*n + 31. What is d(9)?
13
Let w(j) = -5*j + 3. What is w(2)?
-7
Let p(v) = -2*v - 7. Give p(-2).
-3
Let b(u) = -5*u - 20. Give b(-6).
10
Let x(r) = r**3 + 5*r**2 + 4*r + 8. What is x(-4)?
8
Let z(g) = 2*g**3 - 17*g**2 - 29*g + 16. Calculate z(10).
26
Let o(s) = -6*s - 35. Give o(-5).
-5
Let u(t) = 4*t - 40. What is u(13)?
12
Let q(n) = -n**2 + 8*n - 28. Calculate q(6).
-16
Let o(t) = 2*t**2 + 16*t + 9. Calculate o(-7).
-5
Let m(y) = -16*y + 441. Calculate m(28).
-7
Let y(i) = -i**2 + 13*i - 4. Determine y(13).
-4
Let c(t) = -2*t**3 - 6*t**2 - 10*t - 3. Give c(-4).
69
Let r(u) = -u**2 - 29*u - 47. What is r(-27)?
7
Let h(o) = -2*o**2 + o - 2. Determine h(2).
-8
Let u(w) = -6*w**3 + w + 4. What is u(2)?
-42
Let u(h) = -8*h + 27. Calculate u(6).
-21
Let t(o) = o**3 + o**2 - 5*o - 8. What is t(-2)?
-2
Let f(a) = -18*a**3 + 3*a**2 + a - 1. Calculate f(-1).
19
Let j(f) = f**3 + 4*f**2 - 6*f - 5. Determine j(-6).
-41
Let n(l) = l - 22. Calculate n(9).
-13
Let q(y) = -y**2 + 36*y - 70. Give q(34).
-2
Let q(y) = -y**2 + 17*y - 6. Determine q(11).
60
Let o(k) = -k**3 + k**2 + 4*k. What is o(3)?
-6
Let u(h) = 4*h + 16. Calculate u(-5).
-4
Let c(r) = -16*r - 205. Determine c(-13).
3
Let w(f) = -f**3 - 13*f**2 + 13*f + 11. Give w(-14).
25
Let m(f) = f**3 - 33*f**2 - 32*f - 74. Determine m(34).
-6
Let j(y) = 6*y**2 - 10*y - 21. Calculate j(-4).
115
Let l(q) = -q**3 - 19*q**2 - 4. Calculate l(-19).
-4
Let k(f) = 5*f - 5. What is k(7)?
30
Let z(f) = f**3 + 18*f**2 - f + 17. Calculate z(-18).
35
Let k(d) = -2*d - 25. Calculate k(-8).
-9
Let n(v) = 4*v + 53. Give n(-18).
-19
Let o(f) = 2*f**3 + 2*f**2 + f + 3. Determine o(0).
3
Let s(d) = -2*d - 63. Calculate s(-11).
-41
Let z(v) = -v**3 + 3*v**2 + 7*v - 2. Give z(5).
-17
Let l(r) = -2*r + 73. What is l(0)?
73
Let m(d) = 11*d**2 - 14*d - 14. Determine m(-1).
11
Let p(r) = r**3 - 12*r**2 - 7*r - 68. Give p(13).
10
Let f(m) = -2*m**2 - 15*m - 1. What is f(-6)?
17
Let d(v) = 5*v**2 + v. Determine d(2).
22
Let i(z) = z**3 - 7*z**2 - 10*z + 5. Determine i(8).
-11
Let q(f) = f**3 - 24*f**2 + 5*f - 35. Calculate q(24).
85
Let n(i) = -i**3 - 17*i**2 - 30*i + 3. Calculate n(-15).
3
Let b(f) = -f**3 - 20*f**2 + 97*f + 23. Calculate b(-24).
-1
Let l(q) = -12*q + 10. Determine l(4).
-38
Let i(v) = -2*v**2 - 13*v - 3. Determine i(-6).
3
Let b(n) = -n**3 + 34*n**2 - 32*n - 32. Calculate b(33).
1
Let h(r) = -10*r + 711. What is h(71)?
1
Let v(a) = -a**3 - 19*a**2 + 11*a - 181. Give v(-20).
-1
Let l(q) = -36*q + 147. Calculate l(4).
3
Let l(t) = 30*t + 19. What is l(-4)?
-101
Let d(i) = i**2 + 58*i - 116. Determine d(-60).
4
Let s(c) = -c**3 - 22*c**2 - 2*c + 15. What is s(-22)?
59
Let g(k) = -5*k + 25. Determine g(3).
10
Let x(f) = -f**2 - 3*f. Calculate x(-2).
2
Let l(r) = -r**2 - 2*r - 2. What is l(-3)?
-5
Let i(d) = -45*d - 1. Calculate i(-2).
89
Let d(z) = z**2 + 6*z + 4. Determine d(-6).
4
Let a(j) = -3*j + 3. Calculate a(-5).
18
Let x(z) = -8*z + 3. Calculate x(2).
-13
Let f(k) = k**2 - 5*k - 5. Calculate f(9).
31
Let k(t) = -t**2 + 4*t - 1. Determine k(9).
-46
Let v(z) = -z**2 - 2*z + 6. Determine v(-12).
-114
Let f(x) = -23*x + 1013. Determine f(44).
1
Let q(m) = -81*m + 327. What is q(4)?
3
Let u(r) = 5*r - 59. Give u(10).
-9
Let n(o) = 2*o**3 + o**2 - 2*o + 1. Determine n(-2).
-7
Let v(l) = -l - 16. What is v(3)?
-19
Let l(b) = -b**2 - 10*b - 23. What is l(-8)?
-7
Let t(o) = 2*o - 22. Calculate t(16).
10
Let m(y) = -y + 24. Determine m(-13).
37
Let y(j) = -j**3 - 3*j**2 + 7*j + 6. Determine y(-4).
-6
Let q(g) = g**3 - 11*g**2 + 8*g - 1. Determine q(10).
-21
Let n(a) = -a**3 - 4*a**2 + 11*a - 6. What is n(-6)?
0
Let y(n) = n**3 + 6*n**2 + 2. Calculate y(-6).
2
Let p(x) = 35*x + 149. Give p(-5).
-26
Let x(t) = 3*t + 48. Calculate x(-10).
18
Let t(z) = 14*z - 8. What is t(-2)?
-36
Let h(f) = -5*f + 18. Determine h(5).
-7
Let x(d) = d**2 - 14*d + 18. Give x(10).
-22
Let i(q) = -q**2 - 18*q - 25. Give i(-17).
-8
Let g(t) = -t**3 - 6*t**2 + 30. What is g(-5)?
5
Let x(c) = -25*c**2 + 8*c + 9. Calculate x(-1).
-24
Let x(n) = -n - 6. Give x(-9).
3
Let r(o) = -3*o - 1. What is r(-4)?
11
Let f(j) = -j**2 - 13*j - 28. Determine f(-11).
-6
Let c(i) = -5*i**2 - 4*i + 3. What is c(2)?
-25
Let z(c) = c**3 - 3*c**2 - 21*c - 12. What is z(-3)?
-3
Let i(m) = -m**2 + 5*m + 18. Give i(8).
-6
Let g(q) = -7*q + 5. Determine g(-2).
19
Let i(s) = 6*s - 274. Give i(44).
-10
Let z(d) = 8*d + 3. Give z(-4).
-29
Let d(z) = -z + 6. Give d(-4).
10
Let l(z) = -3*z**2 - 26*z - 62. Calculate l(-4).
-6
Let k(f) = -f**3 - f**2 + 14. Give k(0).
14
Let h(l) = 2*l + 6. What is h(-3)?
0
Let m(s) = s**3 + 4*s**2 - s - 3. Give m(-4).
1
Let y(o) = 89*o + 169. What is y(-2)?
-9
Let r(a) = a**3 + 10*a**2 + 6*a - 12. Determine r(-9).
15
Let r(x) = 16*x + 10. Determine r(-3).
-38
Let h(z) = -z**3 - 3*z**2 - 5*z - 1. What is h(-2)?
5
Let o(f) = -f**2 - 9*f - 13. Give o(-5).
7
Let l(v) = 8*v**3 - v. What is l(1)?
7
Let j(d) = d**3 - 17*d**2 - 39*d - 34. Determine j(19).
-53
Let x(s) = -25*s**2 + 11*s - 11. Determine x(1).
-25
Let q(o) = -o**3 - 2*o**2 - o + 7. What is q(0)?
7
Let f(h) = h**3 - h**2 - 5*h - 5. Calculate f(-4).
-65
Let o(m) = -3*m**2 - 7*m - 3. Calculate o(-5).
-43
Let j(a) = -20*a**3 + a**2 + 3*a + 2. What is j(-1)?
20
Let j(t) = -2*t**2 - 18*t - 29. What is j(-7)?
-1
Let d(t) = -t**2 + 18*t - 19. Give d(17).
-2
Let h(s) = -2*s**2 - 6*s - 3. Give h(-3).
-3
Let i(r) = -r**2 + 11*r - 13. Determine i(6).
17
Let r(m) = m**3 - 6*m**2 + 2*m - 4. Calculate r(5).
-19
Let d(x) = x - 11. Calculate d(15).
4
Let g(u) = 2*u**2 - 60*u + 252. Calculate g(25).
2
Let t(i) = 9*i + 12. Determine t(-1).
3
Let p(w) = 2*w - 50. Give p(21).
-8
Let v(d) = -d**2 - 17*d + 6. What is v(-17)?
6
Let l(u) = -u**3 - 8*u**2 + 9*u - 2. What is l(-9)?
-2
Let w(s) = s**2 - 3*s - 5. Determine w(4).
-1
Let m(y) = 5*y**2. Determine m(-1).
5
Let f(b) = -10*b - 17. Determine f(-6).
43
Let w(b) = b**2 - 5*b - 22. What is w(-3)?
2
Let p(z) = z**3 - 29*z**2 - 28*z - 98. What is p(30)?
-38
Let t(x) = -14*x + 86. Determine t(5).
16
Let p(q) = -q**3 - q**2 + q + 4. Give p(-2).
6
Let x(z) = z + 6. Determine x(3).
9
Let j(g) = g**3 - 4*g**2 + 3*g + 4. Give j(4).
16
Let c(l) = -l - 9. Determine c(-12).
3
Let a(m) = -m - 14. Determine a(14).
-28
Let x(v) = v**3 - 12*v**2 - 15*v - 7. What is x(13)?
-33
Let j(n) = -n**3 + 42. What is j(0)?
42
Let c(r) = -r**2 - 8*r + 27. What is c(-12)?
-21
Let o(m) = -m**3 - 4*m**2 + 6*m + 5. Determine o(-4).
-19
Let m(y) = y**2 + 16*y - 8. What is m(-16)?
-8
Let a(u) = 2*u**3 + 23*u**2 - 16*u - 41. Calculate a(-12).
7
Let r(j) = 3*j**3 + 87*j**2 - j - 35. Determine r(-29).
-6
Let q(a) = -2*a**2 - 4*a + 2. Give q(-6).
-46
Let f(c) = -c**3 + 6*c**2 + 8*c - 52. What is f(6)?
-4
Let d(n) = n**3 - 15*n**2 